{"id":1709,"date":"2025-08-03T12:10:28","date_gmt":"2025-08-03T09:10:28","guid":{"rendered":"https:\/\/ekinciprefabrik.com\/?page_id=1709"},"modified":"2025-08-06T22:36:55","modified_gmt":"2025-08-06T19:36:55","slug":"hakkimizda-1709","status":"publish","type":"page","link":"https:\/\/ekinciprefabrik.com\/index.php\/hakkimizda-1709\/","title":{"rendered":"Hakk\u0131m\u0131zda"},"content":{"rendered":"\t\t<div data-elementor-type=\"wp-page\" data-elementor-id=\"1709\" class=\"elementor elementor-1709\">\n\t\t\t\t<div class=\"elementor-element elementor-element-49451db e-flex e-con-boxed e-con e-parent\" data-id=\"49451db\" data-element_type=\"container\">\n\t\t\t\t\t<div class=\"e-con-inner\">\n\t\t\t\t<div class=\"elementor-element elementor-element-772affd e-transform elementor-widget elementor-widget-heading\" data-id=\"772affd\" data-element_type=\"widget\" data-settings=\"{&quot;_transform_translateY_effect&quot;:{&quot;unit&quot;:&quot;px&quot;,&quot;size&quot;:30,&quot;sizes&quot;:[]},&quot;_transform_translateX_effect&quot;:{&quot;unit&quot;:&quot;px&quot;,&quot;size&quot;:&quot;&quot;,&quot;sizes&quot;:[]},&quot;_transform_translateX_effect_tablet&quot;:{&quot;unit&quot;:&quot;px&quot;,&quot;size&quot;:&quot;&quot;,&quot;sizes&quot;:[]},&quot;_transform_translateX_effect_mobile&quot;:{&quot;unit&quot;:&quot;px&quot;,&quot;size&quot;:&quot;&quot;,&quot;sizes&quot;:[]},&quot;_transform_translateY_effect_tablet&quot;:{&quot;unit&quot;:&quot;px&quot;,&quot;size&quot;:&quot;&quot;,&quot;sizes&quot;:[]},&quot;_transform_translateY_effect_mobile&quot;:{&quot;unit&quot;:&quot;px&quot;,&quot;size&quot;:&quot;&quot;,&quot;sizes&quot;:[]}}\" data-widget_type=\"heading.default\">\n\t\t\t\t\t<h4 class=\"elementor-heading-title elementor-size-default\">Hakk\u0131m\u0131zda<\/h4>\t\t\t\t<\/div>\n\t\t\t\t\t<\/div>\n\t\t\t\t<\/div>\n\t\t<div class=\"elementor-element elementor-element-04851a9 e-flex e-con-boxed e-con e-parent\" data-id=\"04851a9\" data-element_type=\"container\">\n\t\t\t\t\t<div class=\"e-con-inner\">\n\t\t\t\t<div class=\"elementor-element elementor-element-74f9a42 elementor-widget elementor-widget-html\" data-id=\"74f9a42\" data-element_type=\"widget\" data-widget_type=\"html.default\">\n\t\t\t\t\t<p align=\"justify\"> <img fetchpriority=\"high\" decoding=\"async\" src=\"https:\/\/ekinciprefabrik.com\/wp-content\/uploads\/2025\/07\/maxresdefault.jpg\" border=\"2\" width=\"350\" height=\"330\" alt=\"\" align=\"left\" hspace=\"5\">Ekinci Prefabrik ailesi olarak, siz de\u011ferli m\u00fc\u015fterilerimizin taleplerini en iyi \u015fekilde kar\u015f\u0131lamak i\u00e7in durmadan \u00e7al\u0131\u015f\u0131yoruz. Geli\u015fen teknolojiyi yak\u0131ndan takip ediyor, \u00fcretim tesislerimizi s\u00fcrekli g\u00fcncelliyor ve personelimizi alan\u0131nda uzman ki\u015filerden se\u00e7iyoruz. Siz de g\u00fcvenilir bir \u00e7\u00f6z\u00fcm orta\u011f\u0131 ar\u0131yorsan\u0131z, Ekinci Prefabrik daima yan\u0131n\u0131zda.Hayalinizdeki evi birlikte in\u015fa edelim. Bizimle ileti\u015fime ge\u00e7in, projenize hemen ba\u015flayal\u0131m.\r\n\r\n\r\n\u0130lk g\u00fcnden itibaren kaliteyi, g\u00fcvenli\u011fi ve esteti\u011fi \u00f6n planda tutarak prefabrik yap\u0131 sekt\u00f6r\u00fcne katk\u0131 sa\u011flamay\u0131 ama\u00e7lad\u0131k.  Ayr\u0131ca, her bir projemizde \u00e7evre dostu, enerji verimlili\u011fi y\u00fcksek \u00e7\u00f6z\u00fcmler sundu\u011fumuz i\u00e7in hem \u00e7evremize hem de m\u00fc\u015fterilerimize de\u011fer kat\u0131yoruz.\r\n\r\nPrefabrik evlerin sundu\u011fu avantajlar\u0131 \u00e7ok iyi biliyor ve bunun yan\u0131 s\u0131ra \u00e7elik evlerin sa\u011flaml\u0131\u011f\u0131n\u0131 da g\u00f6z \u00f6n\u00fcnde bulunduruyoruz. Hem prefabrik yap\u0131lar hem de \u00e7elik konstr\u00fcksiyon sistemleriyle ilgili geni\u015f bir hizmet yelpazesi sunarak, m\u00fc\u015fterilerimizin ihtiyac\u0131na en uygun \u00e7\u00f6z\u00fcmleri geli\u015ftiriyoruz.\r\n\r\nT\u00fcm projelerimizde m\u00fc\u015fteri talepleri do\u011frultusunda esnek \u00e7\u00f6z\u00fcmler \u00fcretmeye \u00f6zen g\u00f6steriyor, her t\u00fcrl\u00fc \u00f6zel ihtiya\u00e7 ve istek do\u011frultusunda yap\u0131lar\u0131m\u0131z\u0131 \u015fekillendiriyoruz. Geli\u015fen in\u015faat teknolojilerine h\u00e2kim olmam\u0131z, kaliteye olan ba\u011fl\u0131l\u0131\u011f\u0131m\u0131z ve sekt\u00f6rel deneyimimiz sayesinde g\u00fcvenilir bir \u00e7\u00f6z\u00fcm orta\u011f\u0131 olmay\u0131 ba\u015fard\u0131k.\r\n\r\nM\u00fc\u015fterilerimize sadece bir yap\u0131 de\u011fil, ayn\u0131 zamanda huzurlu bir ya\u015fam alan\u0131 sunmak i\u00e7in \u00e7al\u0131\u015f\u0131yoruz. \u0130ster yazl\u0131k ev, ister da\u011f evi, isterse konut projeleri olsun; her alanda, en y\u00fcksek kaliteyi en uygun fiyatlarla sunma hedefiyle hareket ediyoruz. Prefabrik yap\u0131lar\u0131m\u0131z, dayan\u0131kl\u0131l\u0131\u011f\u0131, h\u0131zl\u0131 in\u015fa edilme s\u00fcresi, estetik g\u00f6r\u00fcn\u00fcmleri ve \u00e7evre dostu \u00f6zellikleriyle her zaman \u00f6n plana \u00e7\u0131kmaktad\u0131r.\r\n\r\nBizimle \u00e7al\u0131\u015fan her m\u00fc\u015fterimiz, sadece sa\u011flam bir ev sahibi olmakla kalmaz; ayn\u0131 zamanda in\u015fa s\u00fcrecinde g\u00f6sterdi\u011fimiz titizlik ve \u015feffafl\u0131k sayesinde s\u00fcre\u00e7 boyunca g\u00fcven duygusu hisseder. Her projede, en iyi m\u00fchendislik hizmeti, zaman\u0131nda teslimat ve m\u00fc\u015fteri odakl\u0131 hizmet anlay\u0131\u015f\u0131n\u0131 ilke edinmi\u015f bir firmay\u0131z.\r\n\r\nVizyonumuz: Ekinci Prefabrik olarak vizyonumuz, sekt\u00f6rdeki lider firmalardan biri olmaya devam etmek ve yenilik\u00e7i, \u00e7evre dostu prefabrik yap\u0131lar \u00fcretmektir. Teknolojik geli\u015fmeleri takip ederek, estetik ve fonksiyonel \u00e7\u00f6z\u00fcmlerle m\u00fc\u015fterilerimizin ihtiya\u00e7lar\u0131na cevap vermek istiyoruz.\r\n\r\nMisyonumuz: M\u00fc\u015fterilerimizin taleplerine en uygun, y\u00fcksek kaliteli, h\u0131zl\u0131 ve g\u00fcvenli yap\u0131lar sunarak sekt\u00f6rdeki liderli\u011fimizi peki\u015ftirmek. Ekinci Prefabrik olarak, her projede m\u00fc\u015fterilerimizin ihtiya\u00e7lar\u0131n\u0131 en iyi \u015fekilde anlay\u0131p, onlar\u0131 memnun ederek gelece\u011fe g\u00fcvenle ad\u0131m atmalar\u0131n\u0131 sa\u011fl\u0131yoruz.\r\n\r\nEkinci Prefabrik ailesi olarak, kaliteli ya\u015fam alanlar\u0131 in\u015fa etmek i\u00e7in her zaman yan\u0131n\u0131zday\u0131z. Bizimle ileti\u015fime ge\u00e7in, projelerinizi hayata ge\u00e7irelim.\r\n\r\n<\/p>\t\t\t\t<\/div>\n\t\t\t\t\t<\/div>\n\t\t\t\t<\/div>\n\t\t\t\t<\/div>\n\t\t","protected":false},"excerpt":{"rendered":"<p>Hakk\u0131m\u0131zda Ekinci Prefabrik ailesi olarak, siz de\u011ferli m\u00fc\u015fterilerimizin taleplerini en iyi \u015fekilde kar\u015f\u0131lamak i\u00e7in durmadan \u00e7al\u0131\u015f\u0131yoruz. Geli\u015fen teknolojiyi yak\u0131ndan takip ediyor, \u00fcretim tesislerimizi s\u00fcrekli g\u00fcncelliyor ve personelimizi alan\u0131nda uzman ki\u015filerden se\u00e7iyoruz. Siz de g\u00fcvenilir bir \u00e7\u00f6z\u00fcm orta\u011f\u0131 ar\u0131yorsan\u0131z, Ekinci Prefabrik daima yan\u0131n\u0131zda.Hayalinizdeki evi birlikte in\u015fa edelim. Bizimle ileti\u015fime ge\u00e7in, projenize hemen ba\u015flayal\u0131m. \u0130lk g\u00fcnden itibaren&#8230;<\/p>\n","protected":false},"author":1,"featured_media":0,"parent":0,"menu_order":0,"comment_status":"closed","ping_status":"closed","template":"","meta":{"_kad_post_transparent":"","_kad_post_title":"hide","_kad_post_layout":"fullwidth","_kad_post_sidebar_id":"","_kad_post_content_style":"unboxed","_kad_post_vertical_padding":"hide","_kad_post_feature":"hide","_kad_post_feature_position":"","_kad_post_header":false,"_kad_post_footer":false,"footnotes":""},"class_list":["post-1709","page","type-page","status-publish","hentry"],"yoast_head":"<!-- This site is optimized with the Yoast SEO plugin v25.6 - https:\/\/yoast.com\/wordpress\/plugins\/seo\/ -->\n<title>Hakk\u0131m\u0131zda - Antalya Ekinci Prefabrik<\/title>\n<meta name=\"robots\" content=\"index, follow, max-snippet:-1, max-image-preview:large, max-video-preview:-1\" \/>\n<link rel=\"canonical\" href=\"https:\/\/ekinciprefabrik.com\/index.php\/hakkimizda-1709\/\" \/>\n<meta property=\"og:locale\" content=\"tr_TR\" \/>\n<meta property=\"og:type\" content=\"article\" \/>\n<meta property=\"og:title\" content=\"Hakk\u0131m\u0131zda - Antalya Ekinci Prefabrik\" \/>\n<meta property=\"og:description\" content=\"Hakk\u0131m\u0131zda Ekinci Prefabrik ailesi olarak, siz de\u011ferli m\u00fc\u015fterilerimizin taleplerini en iyi \u015fekilde kar\u015f\u0131lamak i\u00e7in durmadan \u00e7al\u0131\u015f\u0131yoruz. Geli\u015fen teknolojiyi yak\u0131ndan takip ediyor, \u00fcretim tesislerimizi s\u00fcrekli g\u00fcncelliyor ve personelimizi alan\u0131nda uzman ki\u015filerden se\u00e7iyoruz. Siz de g\u00fcvenilir bir \u00e7\u00f6z\u00fcm orta\u011f\u0131 ar\u0131yorsan\u0131z, Ekinci Prefabrik daima yan\u0131n\u0131zda.Hayalinizdeki evi birlikte in\u015fa edelim. Bizimle ileti\u015fime ge\u00e7in, projenize hemen ba\u015flayal\u0131m. \u0130lk g\u00fcnden itibaren...\" \/>\n<meta property=\"og:url\" content=\"https:\/\/ekinciprefabrik.com\/index.php\/hakkimizda-1709\/\" \/>\n<meta property=\"og:site_name\" content=\"Antalya Ekinci Prefabrik\" \/>\n<meta property=\"article:modified_time\" content=\"2025-08-06T19:36:55+00:00\" \/>\n<meta property=\"og:image\" content=\"https:\/\/ekinciprefabrik.com\/wp-content\/uploads\/2025\/07\/maxresdefault.jpg\" \/>\n<meta name=\"twitter:card\" content=\"summary_large_image\" \/>\n<meta name=\"twitter:label1\" content=\"Tahmini okuma s\u00fcresi\" \/>\n\t<meta name=\"twitter:data1\" content=\"3 dakika\" \/>\n<script type=\"application\/ld+json\" class=\"yoast-schema-graph\">{\"@context\":\"https:\/\/schema.org\",\"@graph\":[{\"@type\":\"WebPage\",\"@id\":\"https:\/\/ekinciprefabrik.com\/index.php\/hakkimizda-1709\/\",\"url\":\"https:\/\/ekinciprefabrik.com\/index.php\/hakkimizda-1709\/\",\"name\":\"Hakk\u0131m\u0131zda - Antalya Ekinci Prefabrik\",\"isPartOf\":{\"@id\":\"https:\/\/ekinciprefabrik.com\/#website\"},\"primaryImageOfPage\":{\"@id\":\"https:\/\/ekinciprefabrik.com\/index.php\/hakkimizda-1709\/#primaryimage\"},\"image\":{\"@id\":\"https:\/\/ekinciprefabrik.com\/index.php\/hakkimizda-1709\/#primaryimage\"},\"thumbnailUrl\":\"https:\/\/ekinciprefabrik.com\/wp-content\/uploads\/2025\/07\/maxresdefault.jpg\",\"datePublished\":\"2025-08-03T09:10:28+00:00\",\"dateModified\":\"2025-08-06T19:36:55+00:00\",\"breadcrumb\":{\"@id\":\"https:\/\/ekinciprefabrik.com\/index.php\/hakkimizda-1709\/#breadcrumb\"},\"inLanguage\":\"tr\",\"potentialAction\":[{\"@type\":\"ReadAction\",\"target\":[\"https:\/\/ekinciprefabrik.com\/index.php\/hakkimizda-1709\/\"]}]},{\"@type\":\"ImageObject\",\"inLanguage\":\"tr\",\"@id\":\"https:\/\/ekinciprefabrik.com\/index.php\/hakkimizda-1709\/#primaryimage\",\"url\":\"https:\/\/ekinciprefabrik.com\/wp-content\/uploads\/2025\/07\/maxresdefault.jpg\",\"contentUrl\":\"https:\/\/ekinciprefabrik.com\/wp-content\/uploads\/2025\/07\/maxresdefault.jpg\",\"width\":1280,\"height\":720},{\"@type\":\"BreadcrumbList\",\"@id\":\"https:\/\/ekinciprefabrik.com\/index.php\/hakkimizda-1709\/#breadcrumb\",\"itemListElement\":[{\"@type\":\"ListItem\",\"position\":1,\"name\":\"Anasayfa\",\"item\":\"https:\/\/ekinciprefabrik.com\/\"},{\"@type\":\"ListItem\",\"position\":2,\"name\":\"Hakk\u0131m\u0131zda\"}]},{\"@type\":\"WebSite\",\"@id\":\"https:\/\/ekinciprefabrik.com\/#website\",\"url\":\"https:\/\/ekinciprefabrik.com\/\",\"name\":\"Antalya Ekinci Prefabrik\",\"description\":\"Antalya prefabrik ev yap\u0131m\u0131 montaj ve kurulum uygun fiyat\",\"publisher\":{\"@id\":\"https:\/\/ekinciprefabrik.com\/#organization\"},\"potentialAction\":[{\"@type\":\"SearchAction\",\"target\":{\"@type\":\"EntryPoint\",\"urlTemplate\":\"https:\/\/ekinciprefabrik.com\/?s={search_term_string}\"},\"query-input\":{\"@type\":\"PropertyValueSpecification\",\"valueRequired\":true,\"valueName\":\"search_term_string\"}}],\"inLanguage\":\"tr\"},{\"@type\":\"Organization\",\"@id\":\"https:\/\/ekinciprefabrik.com\/#organization\",\"name\":\"Antalya prefabrik ev kurulum montaj ve imalat\",\"url\":\"https:\/\/ekinciprefabrik.com\/\",\"logo\":{\"@type\":\"ImageObject\",\"inLanguage\":\"tr\",\"@id\":\"https:\/\/ekinciprefabrik.com\/#\/schema\/logo\/image\/\",\"url\":\"https:\/\/ekinciprefabrik.com\/wp-content\/uploads\/2025\/08\/cropped-cropped-LOGO111.png\",\"contentUrl\":\"https:\/\/ekinciprefabrik.com\/wp-content\/uploads\/2025\/08\/cropped-cropped-LOGO111.png\",\"width\":1537,\"height\":617,\"caption\":\"Antalya prefabrik ev kurulum montaj ve imalat\"},\"image\":{\"@id\":\"https:\/\/ekinciprefabrik.com\/#\/schema\/logo\/image\/\"},\"sameAs\":[\"https:\/\/www.instagram.com\/antalya_ekinci_prefabrik\/\"]}]}<\/script>\n<!-- \/ Yoast SEO plugin. -->","yoast_head_json":{"title":"Hakk\u0131m\u0131zda - Antalya Ekinci Prefabrik","robots":{"index":"index","follow":"follow","max-snippet":"max-snippet:-1","max-image-preview":"max-image-preview:large","max-video-preview":"max-video-preview:-1"},"canonical":"https:\/\/ekinciprefabrik.com\/index.php\/hakkimizda-1709\/","og_locale":"tr_TR","og_type":"article","og_title":"Hakk\u0131m\u0131zda - Antalya Ekinci Prefabrik","og_description":"Hakk\u0131m\u0131zda Ekinci Prefabrik ailesi olarak, siz de\u011ferli m\u00fc\u015fterilerimizin taleplerini en iyi \u015fekilde kar\u015f\u0131lamak i\u00e7in durmadan \u00e7al\u0131\u015f\u0131yoruz. Geli\u015fen teknolojiyi yak\u0131ndan takip ediyor, \u00fcretim tesislerimizi s\u00fcrekli g\u00fcncelliyor ve personelimizi alan\u0131nda uzman ki\u015filerden se\u00e7iyoruz. Siz de g\u00fcvenilir bir \u00e7\u00f6z\u00fcm orta\u011f\u0131 ar\u0131yorsan\u0131z, Ekinci Prefabrik daima yan\u0131n\u0131zda.Hayalinizdeki evi birlikte in\u015fa edelim. Bizimle ileti\u015fime ge\u00e7in, projenize hemen ba\u015flayal\u0131m. \u0130lk g\u00fcnden itibaren...","og_url":"https:\/\/ekinciprefabrik.com\/index.php\/hakkimizda-1709\/","og_site_name":"Antalya Ekinci Prefabrik","article_modified_time":"2025-08-06T19:36:55+00:00","og_image":[{"url":"https:\/\/ekinciprefabrik.com\/wp-content\/uploads\/2025\/07\/maxresdefault.jpg","type":"","width":"","height":""}],"twitter_card":"summary_large_image","twitter_misc":{"Tahmini okuma s\u00fcresi":"3 dakika"},"schema":{"@context":"https:\/\/schema.org","@graph":[{"@type":"WebPage","@id":"https:\/\/ekinciprefabrik.com\/index.php\/hakkimizda-1709\/","url":"https:\/\/ekinciprefabrik.com\/index.php\/hakkimizda-1709\/","name":"Hakk\u0131m\u0131zda - Antalya Ekinci Prefabrik","isPartOf":{"@id":"https:\/\/ekinciprefabrik.com\/#website"},"primaryImageOfPage":{"@id":"https:\/\/ekinciprefabrik.com\/index.php\/hakkimizda-1709\/#primaryimage"},"image":{"@id":"https:\/\/ekinciprefabrik.com\/index.php\/hakkimizda-1709\/#primaryimage"},"thumbnailUrl":"https:\/\/ekinciprefabrik.com\/wp-content\/uploads\/2025\/07\/maxresdefault.jpg","datePublished":"2025-08-03T09:10:28+00:00","dateModified":"2025-08-06T19:36:55+00:00","breadcrumb":{"@id":"https:\/\/ekinciprefabrik.com\/index.php\/hakkimizda-1709\/#breadcrumb"},"inLanguage":"tr","potentialAction":[{"@type":"ReadAction","target":["https:\/\/ekinciprefabrik.com\/index.php\/hakkimizda-1709\/"]}]},{"@type":"ImageObject","inLanguage":"tr","@id":"https:\/\/ekinciprefabrik.com\/index.php\/hakkimizda-1709\/#primaryimage","url":"https:\/\/ekinciprefabrik.com\/wp-content\/uploads\/2025\/07\/maxresdefault.jpg","contentUrl":"https:\/\/ekinciprefabrik.com\/wp-content\/uploads\/2025\/07\/maxresdefault.jpg","width":1280,"height":720},{"@type":"BreadcrumbList","@id":"https:\/\/ekinciprefabrik.com\/index.php\/hakkimizda-1709\/#breadcrumb","itemListElement":[{"@type":"ListItem","position":1,"name":"Anasayfa","item":"https:\/\/ekinciprefabrik.com\/"},{"@type":"ListItem","position":2,"name":"Hakk\u0131m\u0131zda"}]},{"@type":"WebSite","@id":"https:\/\/ekinciprefabrik.com\/#website","url":"https:\/\/ekinciprefabrik.com\/","name":"Antalya Ekinci Prefabrik","description":"Antalya prefabrik ev yap\u0131m\u0131 montaj ve kurulum uygun fiyat","publisher":{"@id":"https:\/\/ekinciprefabrik.com\/#organization"},"potentialAction":[{"@type":"SearchAction","target":{"@type":"EntryPoint","urlTemplate":"https:\/\/ekinciprefabrik.com\/?s={search_term_string}"},"query-input":{"@type":"PropertyValueSpecification","valueRequired":true,"valueName":"search_term_string"}}],"inLanguage":"tr"},{"@type":"Organization","@id":"https:\/\/ekinciprefabrik.com\/#organization","name":"Antalya prefabrik ev kurulum montaj ve imalat","url":"https:\/\/ekinciprefabrik.com\/","logo":{"@type":"ImageObject","inLanguage":"tr","@id":"https:\/\/ekinciprefabrik.com\/#\/schema\/logo\/image\/","url":"https:\/\/ekinciprefabrik.com\/wp-content\/uploads\/2025\/08\/cropped-cropped-LOGO111.png","contentUrl":"https:\/\/ekinciprefabrik.com\/wp-content\/uploads\/2025\/08\/cropped-cropped-LOGO111.png","width":1537,"height":617,"caption":"Antalya prefabrik ev kurulum montaj ve imalat"},"image":{"@id":"https:\/\/ekinciprefabrik.com\/#\/schema\/logo\/image\/"},"sameAs":["https:\/\/www.instagram.com\/antalya_ekinci_prefabrik\/"]}]}},"_links":{"self":[{"href":"https:\/\/ekinciprefabrik.com\/index.php\/wp-json\/wp\/v2\/pages\/1709","targetHints":{"allow":["GET"]}}],"collection":[{"href":"https:\/\/ekinciprefabrik.com\/index.php\/wp-json\/wp\/v2\/pages"}],"about":[{"href":"https:\/\/ekinciprefabrik.com\/index.php\/wp-json\/wp\/v2\/types\/page"}],"author":[{"embeddable":true,"href":"https:\/\/ekinciprefabrik.com\/index.php\/wp-json\/wp\/v2\/users\/1"}],"replies":[{"embeddable":true,"href":"https:\/\/ekinciprefabrik.com\/index.php\/wp-json\/wp\/v2\/comments?post=1709"}],"version-history":[{"count":11,"href":"https:\/\/ekinciprefabrik.com\/index.php\/wp-json\/wp\/v2\/pages\/1709\/revisions"}],"predecessor-version":[{"id":2165,"href":"https:\/\/ekinciprefabrik.com\/index.php\/wp-json\/wp\/v2\/pages\/1709\/revisions\/2165"}],"wp:attachment":[{"href":"https:\/\/ekinciprefabrik.com\/index.php\/wp-json\/wp\/v2\/media?parent=1709"}],"curies":[{"name":"wp","href":"https:\/\/api.w.org\/{rel}","templated":true}]}}